k - 4*y, 0*y = 4*k + y - 353. Suppose -6 = 2*f, 2*f - 12 = -4*t + 78. Suppose -5*h = -2*h - t. What is the highest common divisor of h and k?
8
Let o = 13 - 10. Suppose -o*b + 4*b = 20. Calculate the highest common factor of 220 and b.
20
Suppose -u - u - 10 = 0. Let k be (u - -2)/(6/(-128)). Calculate the highest common divisor of k and 16.
16
Let k(h) = h**3 + 4*h**2 + 3*h + 1. Let a be k(-2). Let d be -6*(0 + 1 + -4). Calculate the greatest common divisor of a and d.
3
Let o be 6/(-14) + 50/35. Let d be (-13 + 2)*(-2)/o. Let x = d + -13. What is the highest common divisor of 81 and x?
9
Let r be (-50)/(-30)*((-36)/(-5))/2. Calculate the greatest common factor of 174 and r.
6
Suppose 2 + 12 = 2*j. Let p be 8/(1 - (0 - 1)). Suppose -3*t - p = -j*t. Calculate the greatest common divisor of t and 1.
1
Suppose 0 = 4*i - 34 - 6. Calculate the highest common factor of 10 and i.
10
Let h be (3/(-3))/(1/7). Let m(j) = -2*j + 10. Let k be m(h). What is the greatest common factor of 36 and k?
12
Suppose -5*v + 89 = 19. Suppose -i + 2*r = -v, 3*r - 37 = -2*i + 12. Let j be ((-4)/6)/(2/(-6)). Calculate the greatest common divisor of j and i.
2
Suppose -4*p + 21 - 5 = 0. Suppose 2*h - p = -6. Let b be (-1)/(h/5) + 2. What is the greatest common factor of b and 7?
7
Suppose 3*i + 20 = -52. Let u = -69 - -149. Let r = u + i. Calculate the highest common divisor of 7 and r.
7
Let w = 65 - 59. Let j(k) = -12*k - 1. Let p be j(-1). Suppose -7 = -2*n + p. What is the highest common factor of n and w?
3
Let f = 10 + -3. Let y be ((-2)/(-6))/((-3)/(-9)). Let s = 0 + y. What is the greatest common factor of s and f?
1
Let x = 28 - 19. Let j(w) = -24*w. Let n be j(-3). Calculate the highest common factor of n and x.
9
Suppose 0 = 2*r - 0*r. Let c be ((-2)/5)/((-1)/(-5)). Let f = r - c. Calculate the greatest common divisor of 2 and f.
2
Let p be (1 + -1 - 2) + 3. Suppose 0 = r - 2*u - 34, -3*u = -4*u + p. Suppose r = 4*d - d. Calculate the highest common factor of 96 and d.
12
Let m be (-14)/(-3) + (-8)/12. Suppose 0*x + 4 = m*x, 2*k = x + 23. Let d be (-1010)/(-12) - 1/6. What is the greatest common divisor of d and k?
12
Let d(a) be the third derivative of -a**4/24 + 7*a**3/6 + 2*a**2. Let q be d(0). Let l = 4 + 17. Calculate the greatest common factor of l and q.
7
Suppose -4*q + q = 3*h - 3, 2*h = -2. Suppose -48 = -3*j + 3*n, -2*j + 65 = 3*j - q*n. What is the greatest common factor of j and 121?
11
Let q(d) = d**2 - d + 5. Let z be q(0). Suppose 0*u + 82 = 3*a - u, z*a = -u + 134. Let g be 8 - (-1 + 2)/(-1). What is the highest common divisor of g and a?
9
Suppose 4 = x - 0. Suppose -2*v - 3*d + 15 = 2*v, -5*v + x*d = -11. Suppose -2*q = 3*l - 15, 0 = 2*l + v - 5. Calculate the greatest common divisor of q and 3.
3
Let c be 22 - 6/(-3)*1. Let p = -14 + c. Let j = 89 - -21. What is the highest common divisor of p and j?
10
Let g(f) = 105*f**3 + f**2 - 2*f + 1. Let q be g(1). Let c be 35/14*52/10. Suppose 5*z - 62 = c. Calculate the greatest common factor of q and z.
15
Let z(s) = -s + 9. Let m(w) = w**3 - 7*w**2 + 7*w + 1. Let j be m(6). Let p be z(j). Let x be -2*(-2 + -1) - 0. What is the greatest common divisor of x and p?
2
Suppose 0 = t - 1 - 4. Suppose -20 = -4*u + 5*s, 2*u + 2*u - 20 = -5*s. Suppose -b = u*y, -5*b + 63 = -y + 5*y. What is the greatest common divisor of b and t?
5
Let l(b) = b**3 - 9*b**2 + 4*b - 12. Let w(m) = m**2 - 6*m + 9. Let s be w(6). Let x be l(s). What is the highest common divisor of 36 and x?
12
Let z(s) = -6*s - 3. Let v be z(-6). Calculate the greatest common divisor of 297 and v.
33
Suppose o - 6 = 2*h - 7*h, 12 = o + 3*h. What is the highest common divisor of 3 and o?
3
Suppose 0 = -z + 4*i + 18, -4*z + 2*i = -40 + 10. Let a be ((-45)/z)/(3/(-24)). Suppose d + 60 = 6*d. What is the greatest common divisor of a and d?
12
Suppose 4*c + d - 3 = 0, -2*c + 3 = -c + d. Suppose c*b = -2*b + 28. What is the highest common factor of b and 35?
7
Suppose -3*n - n - 2*f + 92 = 0, 4*f = -3*n + 74. Suppose 0 = -4*j + 2*j + 66. Calculate the highest common divisor of n and j.
11
Let f = 46 - 67. Let k = 35 + f. Let r = -12 - -124. What is the greatest common divisor of k and r?
14
Let k be (16/(-12))/((-2)/27). Suppose -h + k = -0*h. Let y be (0 + h/5)*5. Calculate the greatest common divisor of 18 and y.
18
Let t = -4 + 8. Suppose j = -4*q + 20, 3*q + 4*j = 33 - 5. What is the greatest common factor of q and t?
4
Suppose 5*g + 3*p - 3 = 3*g, -p - 16 = -5*g. Calculate the greatest common factor of g and 6.
3
Let l be -1 + (0 - 0) + 4. Let j(c) be the second derivative of 3*c**3 + 3*c. Let d be j(l). Calculate the greatest common divisor of d and 6.
6
Let z(i) = i**2 - i - 1. Let n(t) = -8*t**2 + 5*t + 7. Let u(d) = -n(d) - 4*z(d). Let p be u(-4). Calculate the highest common factor of 26 and p.
13
Suppose 3*r = r + 4. Let m(v) = v**3 - 4*v + 3. Let h be m(r). Suppose 3 = h*n - 0. What is the greatest common divisor of 3 and n?
1
Let d be 2 + -2 - -155 - 2. Let l = 11 - -6. Calculate the greatest common divisor of d and l.
17
Suppose 97 + 7 = 8*o. Calculate the highest common factor of o and 143.
13
Let h = 1 - -3. Calculate the highest common factor of h and 4.
4
Let c(w) = 2*w**2 + 3*w + 6. Let d be c(4). Calculate the greatest common factor of d and 75.
25
Let q be (5 - 112/21)*(-165 - 0). Calculate the highest common divisor of q and 11.
11
Suppose -125 = -2*z + 5. Suppose -2*b + 62 = 5*q, 2*q = -b - 3*q + 36. Calculate the greatest common factor of b and z.
13
Suppose 0 = 4*v + 6 - 22. Suppose v*t = -g - 9, -7 = 4*t - 3. Let a(d) = 2*d**2 + 4*d - 2. Let y be a(g). Calculate the greatest common factor of 14 and y.
14
Suppose 2 = 2*d + 4*s, 3*d - 12 + 0 = -3*s. Suppose 4*f - 383 = 121. Let y = f + -70. What is the highest common divisor of d and y?
7
Suppose 0 = -0*b - 4*b. Suppose -p - 5*r = -0 - 3, p - 2*r + 4 = b. Let w = 9 - p. What is the highest common factor of w and 11?
11
Suppose -2*j - 2 - 157 = -5*y, 5*y - 4*j = 163. Let k = y + -13. Calculate the highest common factor of 27 and k.
9
Suppose l = -2*l + 9. Let z be (4 - -1)*(12 - 11). Suppose o + 96 = z*o. What is the highest common factor of l and o?
3
Suppose 4*c - 8 = -m, -3*m = 4*c + 5 - 29. Let o be (2/(-1))/(1*-2). What is the greatest common factor of m and o?
1
Let u be (3 - 4)*0/2. Suppose u = -3*y + 2*c + 802, 1074 = 4*y + c + c. Suppose -2*v + y = -106. Calculate the greatest common divisor of 17 and v.
17
Suppose j + 189 = 4*j. What is the highest common divisor of j and 9?
9
Suppose t + 3*c + 0 - 12 = 0, -4*t = -3*c - 78. What is the highest common factor of 198 and t?
18
Suppose -3*z + 6 = -12. Let y = 14 - z. Calculate the highest common divisor of y and 16.
8
Let u = 3 + 42. Suppose 7*q - 3*q = -3*y + 11, -y + 4*q = -25. What is the greatest common divisor of u and y?
9
Let m = 77 + -22. Let p(d) = d**3 + 5*d**2 - 6*d - 2. Let s be p(-6). Let l = s - -7. Calculate the greatest common divisor of m and l.
5
Let v be (4 + -2)/(1/2). What is the highest common divisor of 32 and v?
4
Let p = -6 + 3. Suppose w - 6 = 2*w. Let f be (4 + p)/((-2)/w). Calculate the greatest common divisor of 33 and f.
3
Let i = -168 - -183. Let h be (-15)/(-2)*12/2. Calculate the greatest common divisor of i and h.
15
Let f(h) = 13*h - 100. Let r be f(12). Calculate the greatest common divisor of 16 and r.
8
Let n = 39 - 28. Let c = 13 + n. Calculate the greatest common factor of 12 and c.
12
Suppose -5*a + 880 = 3*a. What is the highest common factor of 22 and a?
22
Suppose 4*k - h - 43 = 0, 8*h - 85 = -5*k + 3*h. Let a = 20 - k. What is the greatest common factor of 32 and a?
8
Let r be 2*2 + (41 - 13). What is the highest common factor of r and 80?
16
Suppose -2*j = 14 - 26. Calculate the greatest common factor of 6 and j.
6
Let n = -12 - -24. Let o be ((-21)/(-4))/(3/n). Calculate the greatest common divisor of o and 105.
21
Let j(n) = -n + 3. Let a be j(-5). Calculate the highest common factor of a and 24.
8
Let t = 203 + -143. What is the highest common factor of t and 15?
15
Suppose 5*k - 961 = 5*h - 241, 570 = 4*k - 2*h. Suppose 5*t + 58 = j, 76 = 2*j - 2*t - 0*t. Suppose z = -j + k. Calculate the highest common factor of z and 12.
12
Let m(d) = d**2 - 1. Let g be m(4). Le